ulate the remainder when 53276 is divided by 33.
14
What is the remainder when 570408 is divided by 206?
200
What is the remainder when 516429 is divided by 527?
496
What is the remainder when 7781329 is divided by 2?
1
Calculate the remainder when 1014590 is divided by 650.
590
What is the remainder when 13753 is divided by 11476?
2277
What is the remainder when 877928 is divided by 470?
438
Calculate the remainder when 3441714 is divided by 860.
854
What is the remainder when 10320203 is divided by 1418?
1417
What is the remainder when 47166758 is divided by 83?
16
Calculate the remainder when 24499 is divided by 4863.
184
Calculate the remainder when 3024754 is divided by 127.
122
What is the remainder when 24036 is divided by 238?
236
Calculate the remainder when 1203496 is divided by 7.
0
What is the remainder when 2097194 is divided by 3455?
9
Calculate the remainder when 4870805199 is divided by 10.
9
Calculate the remainder when 197077 is divided by 1941.
1036
Calculate the remainder when 5512373 is divided by 5383.
181
Calculate the remainder when 2795662 is divided by 2210.
12
Calculate the remainder when 310764 is divided by 102458.
3390
Calculate the remainder when 131530 is divided by 3866.
86
What is the remainder when 358365 is divided by 249?
54
Calculate the remainder when 6303256 is divided by 2100972.
340
What is the remainder when 5320652 is divided by 1584?
1580
What is the remainder when 9829313 is divided by 242?
241
What is the remainder when 731182 is divided by 365524?
134
Calculate the remainder when 120694307 is divided by 3948.
3947
What is the remainder when 892456 is divided by 74370?
16
Calculate the remainder when 688983 is divided by 19679.
218
Calculate the remainder when 52197 is divided by 2399.
1818
What is the remainder when 137911988 is divided by 8?
4
What is the remainder when 2007620 is divided by 334576?
164
What is the remainder when 1017617 is divided by 46248?
161
Calculate the remainder when 1404 is divided by 701.
2
Calculate the remainder when 4373 is divided by 262.
181
Calculate the remainder when 4857458 is divided by 60716.
178
Calculate the remainder when 35763820 is divided by 678.
676
Calculate the remainder when 18389 is divided by 4.
1
What is the remainder when 47388 is divided by 2469?
477
What is the remainder when 372572 is divided by 6773?
57
What is the remainder when 97423 is divided by 4583?
1180
What is the remainder when 6595 is divided by 2431?
1733
What is the remainder when 4424920 is divided by 1474955?
55
Calculate the remainder when 6462709 is divided by 5053.
4975
What is the remainder when 1429702 is divided by 17868?
262
Calculate the remainder when 120488 is divided by 39882.
842
Calculate the remainder when 942256 is divided by 86.
40
What is the remainder when 5710385 is divided by 1165?
720
Calculate the remainder when 3522102 is divided by 71879.
31
Calculate the remainder when 366107 is divided by 180.
167
What is the remainder when 22519109 is divided by 526?
523
Calculate the remainder when 16746963 is divided by 9.
6
Calculate the remainder when 78424 is divided by 8295.
3769
What is the remainder when 815218 is divided by 13364?
14
What is the remainder when 431969 is divided by 175?
69
What is the remainder when 11087570 is divided by 1503?
1442
Calculate the remainder when 10499858 is divided by 3272.
10
Calculate the remainder when 6631917 is divided by 1657975.
17
What is the remainder when 754 is divided by 749?
5
What is the remainder when 269778 is divided by 89881?
135
Calculate the remainder when 761824 is divided by 216.
208
What is the remainder when 60275 is divided by 234?
137
Calculate the remainder when 3136937 is divided by 16865.
47
Calculate the remainder when 1988756 is divided by 21850.
406
What is the remainder when 2095365 is divided by 8186?
7935
Calculate the remainder when 18404154 is divided by 18404143.
11
What is the remainder when 42485913 is divided by 59?
13
What is the remainder when 3484345 is divided by 99?
40
Calculate the remainder when 2508891 is divided by 1116.
123
What is the remainder when 156635 is divided by 51904?
923
Calculate the remainder when 3816558 is divided by 2861.
2845
Calculate the remainder when 1796487 is divided by 5004.
51
What is the remainder when 109235 is divided by 358?
45
Calculate the remainder when 23695516 is divided by 80.
76
What is the remainder when 865264 is divided by 1018?
982
What is the remainder when 240467 is divided by 143?
84
Calculate the remainder when 113947 is divided by 262.
239
Calculate the remainder when 175948 is divided by 10.
8
Calculate the remainder when 36077 is divided by 135.
32
What is the remainder when 6327067 is divided by 30?
7
What is the remainder when 932210 is divided by 161?
20
What is the remainder when 151151 is divided by 1598?
939
Calculate the remainder when 108220975 is divided by 54110470.
35
Calculate the remainder when 1441746 is divided by 480325.
771
What is the remainder when 2931605 is divided by 3162?
431
What is the remainder when 339930 is divided by 37724?
414
What is the remainder when 21599947 is divided by 50?
47
Calculate the remainder when 2986086 is divided by 995357.
15
What is the remainder when 13113390 is divided by 6556507?
376
Calculate the remainder when 656085 is divided by 1089.
507
What is the remainder when 2546205 is divided by 1273097?
11
What is the remainder when 48769205 is divided by 941?
939
Calculate the remainder when 1302932 is divided by 1749.
1676
What is the remainder when 2940630 is divided by 28?
14
Calculate the remainder when 543627 is divided by 606.
45
What is the remainder when 8991 is divided by 243?
0
What is the remainder when 13407970 is divided by 747?
67
Calculate the remainder when 1347804 is divided by 449204.
192
Calculate the remainder when 7009098 is divided by 1178.
1176
What is the remainder when 12355110 is divided by 3519?
3420
Calculate the remainder when 10520957 is divided by 68.
65
What is the remainder when 1435008 is divided by 5979?
48
What is the remainder when 1186267 is divided by 644?
19
Calculate the remainder when 33870416 is divided by 2642.
2618
Calculate the remainder when 1848299 is divided by 60.
59
What is the remainder when 14942883 is divided by 676?
579
Calculate the remainder when 288336392 is divided by 23.
20
What is the remainder when 35563 is divided by 199?
141
Calculate the remainder when 39381 is divided by 39082.
299
Calculate the remainder when 35020 is divided by 1721.
600
Calculate the remainder when 7609230 is divided by 64.
14
Calculate the remainder when 1955039 is divided by 1235.
34
What is the remainder when 85344998 is divided by 31?
14
Calculate the remainder when 602440 is divided by 813.
7
What is the remainder when 7947290 is divided by 17?
11
What is the remainder when 237538 is divided by 208?
2
Calculate the remainder when 2549951 is divided by 57.
56
Calculate the remainder when 4619328 is divided by 30.
18
What is the remainder when 6422853 is divided by 6422839?
14
What is the remainder when 128390 is divided by 847?
493
Calculate the remainder when 30719 is divided by 5114.
35
What is the remainder when 1215186944 is divided by 1955?
1954
What is the remainder when 3867808 is divided by 7751?
59
Calculate the remainder when 14293721 is divided by 7146859.
3
What is the remainder when 45403185 is divided by 800?
785
Calculate the remainder when 185030 is divided by 1040.
950
Calculate the remainder when 21920049 is divided by 196.
193
What is the remainder when 576178189 is divided by 27?
25
Calculate the remainder when 12537337 is divided by 1910.
97
What is the remainder when 34843 is divided by 631?
138
Calculate the remainder when 1662029 is divided by 554002.
23
Calculate the remainder when 3955618 is divided by 3955612.
6
Calculate the remainder when 1624555 is divided by 1078.
9
Calculate the remainder when 148193 is divided by 7981.
4535
Calculate the remainder when 12359268 is divided by 4889.
4765
Calculate the remainder when 403368 is divided by 60.
48
Calculate the remainder when 1260840 is divided by 526.
18
Calculate the remainder when 12969969 is divided by 4323266.
171
What is the remainder when 19033887 is divide